is the units digit of t(2)?
8
Suppose -2 + 14 = n. What is the tens digit of n - (3 + (-1 - 4))?
1
Let c(d) = 3*d**2 - d + 1. Let l be (5 + -3)*3/6. Let q be c(l). Suppose 4*t - q*x = 1, 3*t - x - 3 = -1. What is the units digit of t?
1
Let x = -11 + 14. Suppose c = x*t + 30, -c - t + 5 = -13. What is the units digit of c?
1
Suppose 14*v - 1293 = 807. What is the hundreds digit of v?
1
Suppose 0 = 5*q - 9 - 1. Suppose -q*w + 23 - 1 = -2*g, 2*w + 5*g = 29. Let h = -8 + w. What is the units digit of h?
4
Let o(y) = 13*y + 15. What is the tens digit of o(6)?
9
Suppose -8*j = -34 - 286. What is the tens digit of j?
4
Let q(d) = -d**3 + 10*d**2 - 8*d - 2. Let h be q(9). Suppose 4*k = h*k - 78. What is the tens digit of k?
2
Let s = 6 - 1. Let x(i) = 72 - 69 - 6*i**2 + i**3 - 4*i + 9*i. What is the units digit of x(s)?
3
Let b(t) = t. Let m(o) = 3*o**3 - 2*o**2 + 2*o - 1. Let w be m(1). Let h be 31/4 + w/8. What is the units digit of b(h)?
8
Suppose 4*z - 4*a = 208, 3*z + 4*a - 32 = 2*z. What is the units digit of z?
8
Let l(n) be the second derivative of 3*n**3 - n**2/2 + n. Let x be l(-1). Let s = -11 - x. What is the units digit of s?
8
Suppose 0 = 2*w - 5*i - 50 - 251, -3*i - 447 = -3*w. Suppose -4*s - u = -w, 3*s = -s + 5*u + 172. What is the units digit of s?
8
Suppose 0 = -3*m - f + 30, -2*f + 27 = 3*m - 3. Suppose -2*r + 43 = 5*i, -3*r - 5*i + 52 = -m. What is the units digit of r?
9
Let f(j) = j**3 + 4*j**2 - 3*j + 3. Let v be f(-5). Let b = 11 + v. What is the units digit of b?
4
Suppose -3*c = d - 5*d + 21, 3*c - 9 = -d. Let k be 333/d - (-2)/(-4). Suppose 4*f = -v + k, v - 4*v = 3*f - 39. What is the tens digit of f?
1
What is the tens digit of (-1)/(-3) + (574/6 - 2)?
9
Let k be 1518/21 + 4/(-14). Suppose 0 = -r + 7*r - k. What is the tens digit of r?
1
Let l = -9 + 13. Suppose 32 = q - l*d, 0*q - d = 4*q - 60. What is the tens digit of q?
1
Suppose 3*l - 473 = -2*j, -2*j + 5*l = 3*l - 488. What is the tens digit of j?
4
Let l be 6/2 + (-8 - -6). What is the tens digit of (-15)/(l*(-1 - 0))?
1
Let l be (-15)/(2 + (-1)/1). Let w be (-6)/l + 16/10. Suppose -5*n + w*n = -x - 7, -4*x = 3*n - 47. What is the units digit of x?
8
Let k = -5 + 4. Let u(z) = 18*z**2. What is the tens digit of u(k)?
1
Let s(r) = -7*r**2 - 6*r - 1. Let y(v) = -13*v**2 - 13*v - 2. Let t(p) = -13*s(p) + 6*y(p). Let o be t(1). Suppose u - o = -u. What is the units digit of u?
7
Let b(n) = n**2 + 4*n - 1. Let j be b(-4). Let t = 1 + j. Suppose -4*w + 3*w + 3 = t. What is the units digit of w?
3
Let i be 4/14 + 4965/(-105). Let b = i - -74. What is the units digit of b?
7
Let n(q) = -q**3 + 8*q**2 - 4*q + 4. What is the tens digit of n(3)?
3
Let a = 547 + -331. What is the units digit of a?
6
Suppose 0 = -c + 1 - 3. Let w = c - -5. What is the units digit of w?
3
Suppose -3*d = 4*l - 1 - 8, -2*l + 6 = 0. Let p(a) = a**3 + 7*a**2 + 8*a + 3. Let m be p(-6). Let v = d - m. What is the units digit of v?
8
Let o(w) = -w**3 + 8*w**2 - 3*w - 11. Let q be (-2)/6 + (-19)/(-3). What is the tens digit of o(q)?
4
Let h(i) be the first derivative of i**4/2 - 5*i**3/3 + i**2/2 + 3*i - 2. Let b be h(3). Let s = -8 + b. What is the units digit of s?
7
Let u = -43 + 60. What is the units digit of u?
7
Suppose 3*j + 35 = -5*p, 0*j + j + 13 = -2*p. Let v = p + 13. What is the units digit of v?
9
Let x(c) = c**3 - c**2 + 2*c + 4. Let i be x(-3). Let f be (-1)/(2/i) - -1. Suppose f = 2*d - 0. What is the units digit of d?
0
Suppose -4*q = -3*n + 14, n + 6 = -0*n - 4*q. What is the units digit of -1*(1 + -59)/n?
9
Suppose 34*o - 225 = 29*o. What is the units digit of o?
5
Let u be -3 + 0 + (-1 - -6). Suppose 5*l - 4*t = -7*t + 22, -7 = -l + u*t. What is the units digit of l?
5
Let h be 2/(-4)*0/3. Let s be 0/(9/(-3) + h). Suppose -3*g + 18 = -s*g. What is the units digit of g?
6
Suppose -z - 3*z = -20. Suppose 0 = 5*h, -z*d - 4*h + 19 = -76. Suppose -6 = -5*o + d. What is the units digit of o?
5
Suppose -3*w = 4*c - 88, 2*c - 22 = w + 12. What is the tens digit of c?
1
Let k(t) = t - 3. Let p be k(10). Let s(c) = c**2 - 6*c - 5. Let f be s(p). Suppose 4*a + 2*v = -v + 4, -v - 12 = -f*a. What is the units digit of a?
4
Let j = -36 - -87. Suppose -j - 101 = -4*g. What is the units digit of g?
8
Let u(q) = q**3 + 8*q**2 + 8*q + 1. Let k be u(-7). Let t = k + 29. What is the tens digit of t?
2
Let w(d) = -d**3 + 15*d**2 + 10*d - 3. What is the tens digit of w(15)?
4
Let k(r) = 2*r**2 + 2*r - 5. Let q be k(-5). Suppose 0*l + l + 40 = 4*i, -124 = 5*l - i. Let c = l + q. What is the units digit of c?
1
Let n(d) be the first derivative of d**3/3 - d**2/2 - d + 4. Let h be n(4). Let j = 21 - h. What is the units digit of j?
0
Let o = 35 - 24. Let f(r) = r**2 - 9*r - 1. What is the tens digit of f(o)?
2
Let i(r) = 2*r**2 - 3*r + 2. Let m be i(2). Suppose -m*s = -s - 33. What is the tens digit of s?
1
Let u be (-6)/(-4 + 1 + 1). Suppose -u*v - p - 4*p - 5 = 0, -5*p - 5 = -5*v. What is the units digit of v/4 + 2/2?
1
Let s(n) = -n**2 + n + 3. Let h be s(0). Let k(r) = 23 + r**3 + 0*r**h + 11*r + 13*r**2 - 32. What is the units digit of k(-12)?
3
Let m = 38 + -24. Suppose -3*q + m = -28. Suppose 5*j + q = 44. What is the units digit of j?
6
Let h = 10 - 6. Suppose u + h*n - 43 = -4*u, -2 = -n. What is the units digit of u?
7
Let s = -92 - -134. What is the units digit of s?
2
Let m(o) = o + 266. What is the units digit of m(0)?
6
Suppose 5*g = -2*s + 15, 0 = 4*g + 2*s + 2*s - 12. Suppose -58 = -3*i + g*b + 11, -2*b = -i + 25. Suppose -4*t = -i - 15. What is the units digit of t?
9
Suppose 3*s + 2 + 1 = 0. Let x be (4 + s)/(6/(-8)). What is the units digit of (-1)/x + 81/12?
7
Let z = -140 + 287. What is the tens digit of z?
4
Let p = -12 - -16. Suppose 3 - p = -k. What is the units digit of k?
1
Let w(i) = i**3 + 7*i**2 + 6*i + 9. Let h be w(-6). Let z be (6/h)/((-2)/(-15)). Suppose 5*j + 1 = -2*g, 5*g - z*j + 0*j - 50 = 0. What is the units digit of g?
7
Let v(z) = z**3 - 4*z**2 + 4*z + 1. Let i be v(5). Suppose 6*w = 4*w + i. Suppose w = 3*o + y, y = o - 8 - 5. What is the units digit of o?
9
Let h be (9/(-3))/(3/(-4)). Let r be 4/6*18/h. What is the units digit of r/9 + (-2)/(-3)?
1
Suppose 0 = s + 3*j + 6 - 19, 4*s - 17 = -5*j. Let c be 6/9 + 23/(-3). What is the units digit of (s - 0 - c) + 1?
6
Suppose -k - k - 3*i + 847 = 0, 4*k + 4*i - 1684 = 0. What is the hundreds digit of k?
4
Let z = -1 + 5. What is the units digit of (21/6*z)/2?
7
Let l be 50/4 - (-3)/6. Suppose -1 = -r + l. Suppose 0 = -2*f + r. What is the units digit of f?
7
Let m = 14 + -10. Suppose 0 = -2*r + 4, o = -2*o + m*r - 2. What is the units digit of (o/8)/(2/8)?
1
Suppose -5*h + 18 = -12. What is the units digit of h?
6
Let z(m) = -19*m + 7. What is the hundreds digit of z(-7)?
1
Let r be 7/(-4) - 2/8. Let m be 930/33 + (-2)/11. What is the units digit of m/5 + r/(-5)?
6
Let t(i) = -2 + i**3 - i + 2 - 3. What is the units digit of t(3)?
1
Suppose -j - 2*b + 46 = -6*b, -4*b = 0. Let o = j - 20. What is the units digit of o?
6
Let i(d) = d**3 - 7*d**2 + 2*d - 6. Suppose 4*z = 36 - 8. Let l be i(z). Let v(j) = j + 3. What is the units digit of v(l)?
1
Let b = -31 - -46. What is the units digit of b?
5
Let d = -25 - -52. What is the tens digit of d?
2
Let t(y) = -3*y**2 + 2*y. Let a(j) = 4*j**2 - 2*j - 1. Let g(o) = 4*a(o) + 5*t(o). Suppose 3*h = 4*h + 4. What is the units digit of g(h)?
4
Let y be (-4)/(4/(-7))*1. Let d = 23 - y. What is the tens digit of d?
1
Let z(b) = -b**2 + 2*b. Let c be z(2). Suppose 5*n = -f - 11, -4*f + 3*f + 2*n + 3 = c. What is the units digit of ((-13)/(-4))/(f/(-4))?
3
Let i be (5 - -1)/((-6)/(-8)). Suppose 3*u + 22 - 7 = 0, -r - i = 2*u. What is the units digit of 1/(r - (-13)/(-7))?
7
Suppose u + t - 105 = 0, 341 + 144 = 5*u - 5*t. What is the units digit of u?
1
Let k be (-50)/(-18) - 4/(-18). Let q = 7 - k. What is the tens digit of (-4)/(-6)*102/q?
1
Suppose -6 = 2*v - h - h, 2*v - 5*h + 9 = 0. What is the units digit of -1 + 1 + v + 45?
3
Suppose 5*z = 4*z + 45. Suppose 0*v + v - 4*l = z, l = -v + 25. Suppose 3*g = v - 5. What is the units digit of g?
8
Let z be (-185)/(-25) - (-2)/(-5). Suppose -2*s = -3*s. Suppose -4*x + 5*x - z = s. What is the units digit of x?
7
Let n = -2 - -3. Suppos